 1. Let l(z) = j(z) + 4*x(z). What are the prime factors of l(0)?
3
Suppose 3*z - 2*k = 4*z - 118, -5*z + 3*k + 655 = 0. List the prime factors of z.
2
Suppose 0*a + 80 = 2*d + a, 0 = -3*a. Suppose -3*q - q - d = 0. Let u(l) = l**2 + 8*l - 12. What are the prime factors of u(q)?
2
Suppose -3*k = -2*k - 4. Suppose -q = k*f - 41, -4*q + f + 21 = -3*q. What are the prime factors of q?
5
Suppose 5 = 4*o + 69. Let a = 38 + o. List the prime factors of a.
2, 11
Suppose -42 = -4*g + 2*r, 0 = -3*g + 3*r - 5*r + 21. List the prime factors of 48/g + 2/(-6).
5
Let j be -3*7/((-42)/92). Let u = -29 + j. What are the prime factors of u?
17
Let h(f) = -2 + f + 8*f - f. List the prime factors of h(2).
2, 7
Let g be (-57)/(-2) - (-1)/(-2). Suppose w - g = 5*k, -2*w - 3*w + 84 = 3*k. List the prime factors of w.
2, 3
Suppose 8 = 2*z, i - 6*i - 4*z + 66 = 0. Suppose 2*g - i = 40. List the prime factors of g.
5
Suppose -2*c = 3*j - 2, -4*c = -c + 2*j - 8. Let t(y) = y**3 - 3*y**2 - 3*y - 2. List the prime factors of t(c).
2
Let b be (-10)/(-3) - (-6)/9. Suppose 0 = -0*y + y - 4*a - 36, a = b*y - 204. Suppose -y = -0*o - 4*o. What are the prime factors of o?
13
Suppose -18*b = -14*b - 212. List the prime factors of b.
53
Let w = -2 + 2. Suppose -5*m = -2*f - 20, -2*f + w + 4 = m. Suppose 0 = 4*d - m, u = -2*u + 2*d + 4. What are the prime factors of u?
2
Suppose 0 = -2*y - 31 + 87. List the prime factors of 592/y + 3/(-21).
3, 7
Let y(j) = -j**2 + 9*j - 9. Let i be y(8). Let x be 6/((7 + i)/3). Suppose -a - 5*l = x, 3*l + 7 - 1 = 0. What are the prime factors of a?
7
Let y(r) = 2*r**3 - 5*r**2 + 4*r - 3. Suppose 5*z - 7 = 8. Let p be y(z). What are the prime factors of (-4)/(-6)*p/2?
2, 3
Let b(j) = 2*j**3 - 4*j**2 + 2*j + 1. Suppose 4*g = -g + 10. What are the prime factors of b(g)?
5
Let w = -312 + 508. Suppose 2*f - 30 = -n + 47, -5*f = -n - w. List the prime factors of f.
3, 13
Suppose -2*g - 4 = 0, 4*g - 259 = -3*s - 0*g. What are the prime factors of s?
89
Let s(l) = 41*l - 2. Let b(a) = -a**2 + 3*a + 1. Let t be b(3). What are the prime factors of s(t)?
3, 13
Suppose 0 = w - 1 + 4. Let u = w - 1. What are the prime factors of 3*1 + u/4?
2
Suppose 40 = 6*u - 3*u - 5*q, 0 = -u - 5*q. Let m(c) = u - 4*c - c**2 + 13*c - c**3 + 9*c**2. What are the prime factors of m(9)?
2, 5
Let b(p) = -p**3 + 5*p**2 + 3*p - 8. Let j be b(7). Let z = -50 - j. What are the prime factors of z?
5, 7
Suppose -2*r = s - 229, -2*s + 711 = -r + 238. What are the prime factors of s?
5, 47
Let h = 72 - -5. Suppose -3*r + h = 23. List the prime factors of r.
2, 3
Let m = 279 - 184. List the prime factors of m.
5, 19
Suppose 112*j = 115*j - 807. List the prime factors of j.
269
Let p(v) = -3*v - 1. Let b be (-6 + 1)*(-1 + 0). Let m be p(b). Let u = m + 38. List the prime factors of u.
2, 11
Let x = 12 + -11. List the prime factors of 161/28*(x - -3).
23
What are the prime factors of 0 - 4*(-51)/6?
2, 17
Let t(r) = -7*r**3. Let z be t(1). Let m(o) = -o + 10. Let v(c) = 10. Let w(x) = 3*m(x) - 4*v(x). What are the prime factors of w(z)?
11
Let w be (-4)/4 - (-34 + -1). Suppose -9 = -4*n - y + w, -3*n + 26 = 2*y. What are the prime factors of n?
2, 3
Let c(v) = v + 2. Let o be c(-7). Let h = o + 13. What are the prime factors of h?
2
Let v be ((-2)/(-4))/(2/52). Let m = 21 - v. What are the prime factors of m?
2
Suppose f + 61 = 4*r + 6*f, -5*f + 43 = 2*r. What are the prime factors of r?
3
Suppose -2*n = -2 - 2. Suppose -n*h + 39 = -5*h. Let t = -6 - h. What are the prime factors of t?
7
Suppose -3*i - i - 104 = -2*d, 0 = d + 3*i - 57. What are the prime factors of d?
2, 3
Let a be (1 - 0)*(-17 + 7). Let s = a + 12. What are the prime factors of s?
2
Let l(d) = d**2 + 7*d + 1. Let a be l(-6). Suppose 0*r = 3*r + 3*h - 27, 5*r = 2*h + 38. Let u = r + a. List the prime factors of u.
3
Suppose 4*j - j = 2*o - 174, -2*o + 188 = 4*j. Let l be o/21 + 2/(-7). List the prime factors of l + 10 - (3 - 1).
2, 3
Suppose 105 = 3*r + 27. Suppose -4*f = h - 22, f - 2*f - r = -5*h. What are the prime factors of h?
2, 3
Let q = 5 + -2. Let o(u) = 2 - u**3 - 3*u**2 + 2*u**3 + 0*u**2. List the prime factors of o(q).
2
Let t = -24 + 40. Suppose -t = -4*h - 8. List the prime factors of h.
2
Let g(v) = v**2 - 8*v + 9. Let m = 0 + -4. Let z = 11 + m. What are the prime factors of g(z)?
2
Suppose 5*u + 91 = 291. List the prime factors of u.
2, 5
Suppose 2*l - 2 = 5*q - 20, -2*q - l = -9. Suppose -q*n + 11 = -5. Suppose -n = -0*b - b. What are the prime factors of b?
2
Let c(v) = -v**2 + 9*v - 2. Suppose 2*i + 0*i - 14 = 0. What are the prime factors of c(i)?
2, 3
Suppose 22*d - 24*d = -108. What are the prime factors of d?
2, 3
Suppose -3*c - 2*v = -64, -4*c + v = -116 + 27. List the prime factors of c.
2, 11
Suppose 5*y + 2*x + x - 132 = 0, -3*y = -5*x - 52. What are the prime factors of y?
2, 3
Let d = 23 + -32. Let g(z) = 9 - 3*z + 4*z + 2. What are the prime factors of g(d)?
2
Let s(w) = w**2 - 9*w + 1. Let m be s(9). List the prime factors of (-1)/(-1*m/2).
2
Suppose -2*r = r. Suppose -4*x - 8 = 0, r = -4*k - x + 5*x + 8. Suppose k = s + 3 - 5. List the prime factors of s.
2
Suppose 0 = t - 10*t + 972. What are the prime factors of t?
2, 3
List the prime factors of 0 - 1 - -3 - -10.
2, 3
Let i = 1 + -3. What are the prime factors of 1/(0 + i/(-6))?
3
Let p = -29 - -44. What are the prime factors of p?
3, 5
Let v(w) = w**3 - w**2 + w - 1. Let j be v(2). Suppose 2*i + j = -5*x - 3*i, -2*x - 6 = 4*i. What are the prime factors of x + 5/1 + 1?
7
Let n(i) = -i**3 - 7*i**2 + 4*i + 11. Let s be n(-8). Let p = -21 + s. What are the prime factors of p?
2, 11
Let x = -8 + 23. List the prime factors of x.
3, 5
Let p(z) be the second derivative of z**4/6 - 5*z**3/6 - z**2/2 - 3*z. What are the prime factors of p(4)?
11
Suppose 5 = b - 0*b. Let k(v) = v - 3. Let o be k(b). Suppose 24 = -0*z + o*z. List the prime factors of z.
2, 3
Let o be 6/(-9) - (-14)/3. Let g(j) = -2 + 2 + j. What are the prime factors of g(o)?
2
Let g = 11 + -8. Let n = 7 - g. What are the prime factors of n?
2
Let h be (5 + -2)/(6/58). List the prime factors of 1*h - (7 + -8).
2, 3, 5
Suppose 0 = 4*o + 3 - 11. Suppose -5*a = 2*q - 24, o = 2*q - 5*a - 2. Suppose 8*c - q*c - 8 = 0. What are the prime factors of c?
2
Suppose -3*k - 9 = 0, -2*k - 59 = -5*h - 18. Suppose h = z - 4. List the prime factors of z.
11
Let u be 50/(-15)*(3 + 0). Let j = 34 + u. List the prime factors of j.
2, 3
Let g be 2 + -2 - 2 - -97. Let b = 49 + -44. Suppose g - 20 = b*p. List the prime factors of p.
3, 5
Suppose 0 = -x + 5*q + 2 - 7, 4*x - 3*q = 14. Suppose 2*u - x*g = -u + 14, -4 = -u + g. What are the prime factors of u?
3
Let d(t) be the second derivative of -7*t**3/2 - 3*t**2/2 - t. Let a be d(-4). Suppose 5*v - a = -21. List the prime factors of v.
2, 3
Suppose -178 - 65 = -9*z. List the prime factors of z.
3
Let d(w) = w**3 - 4*w**2 + 5*w. Suppose -2*u - 4*b = -24, 2*b - 38 = -5*u - 10. What are the prime factors of d(u)?
2, 5
Let m be 3*(0 + (-2)/(-6)). Let x(c) = 4*c**2. What are the prime factors of x(m)?
2
Let c(b) = b**2 + 8*b + 16. What are the prime factors of c(10)?
2, 7
Let x = -390 + 625. List the prime factors of x.
5, 47
Suppose 0 = -4*q + 8*q - 40. Suppose -f = -2*j, -3*f - q = -22. Suppose -2*d = -d - j. What are the prime factors of d?
2
Let p(f) = f**2 - 4*f + 5. What are the prime factors of p(-10)?
5, 29
Suppose 0 = -2*d + 4*d - 40. List the prime factors of d.
2, 5
Let o(d) = 4*d**3 - 3*d**3 + 2*d + 0*d - 2*d**2 - d**2 + 2. Let n be o(2). Suppose -n*z + h = -3, 2*z = z + 3*h - 6. What are the prime factors of z?
3
Suppose 2*g + 44 = 130. What are the prime factors of g?
43
Let b(h) = -h - 2. Let t be b(8). Suppose -5*n + 4 = -81. Let l = t + n. List the prime factors of l.
7
Let i = 53 - 97. Let b = -31 - i. What are the prime factors of b?
13
Suppose 0 = -3*v + 145 + 149. Suppose 4*h - i - v = -6*i, -h + 2*i = -18. What are the prime factors of h?
2, 11
Let a(t) = 6*t**2 - 4*t. Let s be a(3). Let d = -2 + s. What are the prime factors of d?
2, 5
Let m = 86 - 77. What are the prime factors of m?
3
Let n = 5 + -2. Suppose 0 = -2*p + 13 + n. What are the prime factors of p?
2
Suppose -4*f - p + 0*p = 15, 4*f + 5*p = -11. Let h = 2 - f. What a